. Let n be b(-1). Let y be 16/5*(-13 + 804/48). What is the highest common divisor of n and y?
12
Let t = 58 + -64. Let v = t - -90. Suppose 2*m = -2*x + 16, 0 = 3*m - 3*x - 2*x - 56. What is the greatest common divisor of v and m?
12
Suppose 0 = -157*b + 154*b + 111. Suppose 217 = c + b. Let h = -27 + 47. What is the highest common divisor of c and h?
20
Suppose 0 = 2*a - 4, -f - a = -6*a - 2267. Suppose 0 = 4*u + 737 - f. Suppose 3*h = 5*h - 70. What is the highest common divisor of u and h?
35
Suppose -577354*o + 348 = -577325*o. Suppose -n = -0*n - 6. Calculate the greatest common divisor of n and o.
6
Let p = -7 + 5. Let f be (-41)/p - (15/(-10) - -1). Let c = 483 - 294. What is the highest common divisor of c and f?
21
Suppose 6*v + 2*v = 1008. Suppose -o + 165 = v. What is the highest common divisor of o and 130?
13
Suppose 0 = -4*f + 10 - 10. Let u be (2 + f)/((-3)/(-180)). What is the greatest common factor of 210 and u?
30
Let h(p) = -15*p**3. Let a be h(-1). Let q = 52 + -44. Suppose -r - 420 = -q*r. Calculate the greatest common factor of r and a.
15
Let q(i) = -37*i + 636. Let w be q(16). Suppose 7*z - 250 = -19. Calculate the greatest common divisor of z and w.
11
Let k = -85 + 246. Suppose -k = 3*c + 16. Let g = 76 + c. Calculate the greatest common factor of g and 68.
17
Let m be (-21)/2 - 1/2. Let s = -7 - m. Let j = -1257 + 1277. What is the greatest common divisor of j and s?
4
Let i(a) = 212*a**2 - 45*a + 23. Let q be i(7). Let k be q/168 + (-10)/105. Calculate the greatest common divisor of k and 240.
60
Let m = -725 - -803. Calculate the greatest common factor of 234 and m.
78
Let f be (14/(-8))/(6/(-48)). Let b(s) = 5*s - 7. Let y be b(f). Suppose 100 = 4*q - 152. What is the highest common divisor of y and q?
63
Let p = -876 - -1008. Calculate the greatest common factor of 726 and p.
66
Suppose 0 = 8*r + 8. Let g be r + 13 + 1 + 2 + 1. Suppose -4*a - g = -84. What is the greatest common divisor of 136 and a?
17
Suppose -5*v = -584 - 111. Let k = -125 + v. Suppose -3*n + 26 - 5 = 0. What is the highest common factor of n and k?
7
Let c = -9 + 25. Let a be ((-2)/(-3))/(c/(-24)). Let i be (-508)/(-10) + a/(-5). What is the highest common divisor of 17 and i?
17
Suppose 3*n - 2*k - 47 = 0, 39*k = 4*n + 42*k - 23. What is the greatest common divisor of 176 and n?
11
Suppose 0 = 5*o - 606 + 36. Suppose 3*g + o = 5*g. Suppose -g = -s + 185. Calculate the greatest common factor of 22 and s.
22
Suppose 3*a + 201 = 5*i - 209, -4*i + 320 = -4*a. Suppose -60 = -88*f + i*f. Let u be (-8)/10*150/(-4). Calculate the highest common divisor of u and f.
10
Suppose -5*s + 3*b = -23, -8*s - 4*b + 12 = -4*s. Suppose s*h - 4*d = d + 117, -3*d = -2*h + 59. What is the greatest common factor of 252 and h?
28
Suppose 6*q - 136 = -5*o, -5*q + 8 + 62 = 2*o. Let t(h) = -1 - 3*h + 4 - 5. Let m be t(-2). Calculate the highest common factor of o and m.
4
Let n(g) = -g**2 - 73*g - 319. Let d be n(-5). Calculate the greatest common factor of 6853 and d.
7
Let d be (23 + -20)*(172/24 - (-1)/(-2)). Calculate the highest common divisor of d and 230.
10
Suppose 0 = 203*k - 209*k + 5610. Calculate the greatest common factor of k and 220.
55
Suppose 16 = -p - 2*m, 3*p - 4*m + 1 = -7. Let z be (-18)/(-2) - 6*p/16. Calculate the greatest common divisor of z and 324.
12
Suppose -4*h + 75 = 2*l - 85, 148 = 2*l + h. Calculate the highest common divisor of l and 2976.
24
Let y be (-56)/4*(-260)/280. What is the greatest common factor of y and 5824?
13
Let c(n) = -n**2 - 18*n + 1435. Let z be c(25). What is the greatest common divisor of 216 and z?
72
Suppose 10512 = 164*v - 116*v. What is the greatest common divisor of 292 and v?
73
Suppose -43*t = -27*t - 3930 - 4134. Calculate the greatest common divisor of 80 and t.
8
Suppose 8*g - 5571 = -355. Let l be g/54 + (-18)/243. Let c(t) = -t**3 + t + 108. Let r be c(0). Calculate the greatest common factor of r and l.
12
Let q be 18/99 - (-62)/22. Suppose -500 = -4*h - w, 2*h - q*h + 130 = -w. Suppose -130*b = -h*b - 468. What is the highest common divisor of 9 and b?
9
Let y(v) = 2*v**3 - v**2 + 7*v + 1539. Let u be y(0). What is the highest common divisor of 95 and u?
19
Let f(y) = 7*y - 5. Let d be f(3). Let k be ((-5)/(-4))/(4/d)*19. Let p = -65 + k. What is the highest common divisor of 15 and p?
15
Let b be 46*(-1)/(-12) + 1/6. Suppose -b*o + 780 = 3*y + 4, 0 = -3*y - 3*o + 771. Calculate the highest common factor of 28 and y.
28
Let c(r) = 13*r - 26. Let l be c(2). Let u be (-3)/(((-24)/8)/(l - -35)). What is the highest common divisor of u and 15?
5
Let y be ((-8)/(-10))/(-5*(-22)/(-275)). Let t be (-116 - 0)*y*(-10)/(-16). What is the greatest common factor of 87 and t?
29
Suppose -52*w - 6668 = -228396. Calculate the highest common factor of 312 and w.
104
Let y(g) = g**3 - 11*g**2 - 10*g - 21. Let m be y(12). Let a be 117*(-3 - m)/(-6). Calculate the greatest common factor of a and 39.
39
Let i = -20362 + 31749. Calculate the highest common divisor of 59 and i.
59
Suppose -870 - 55 = 5*r. Let v = r - -383. Calculate the highest common divisor of v and 18.
18
Let b = 228 - 136. Suppose 87*x - 73*x = 322. Calculate the highest common divisor of x and b.
23
Suppose 3*a - 632 = h + h, a + 5*h - 188 = 0. Let u = a + -152. What is the greatest common factor of 140 and u?
28
Suppose 0 = 28*x + 71*x - 339 - 57. Let l = 43 + -17. What is the greatest common divisor of x and l?
2
Let v(a) be the third derivative of -8*a**4/3 + 31*a**3/3 - 2*a**2 - 9. Let l be v(-8). Calculate the highest common factor of 14 and l.
14
Let v = 19 - -18. Suppose 0 = p + 5 - 9. Suppose 2*a - u - v = 0, 0*u + 20 = -p*u. Calculate the highest common factor of a and 8.
8
Suppose -t + 4*n = -6*t + 233, 0 = t + 3*n - 62. Calculate the greatest common factor of 10783 and t.
41
Let d = 44 + -34. Let n = -4 + d. Let x be (-16)/n*46*24/(-16). What is the greatest common factor of x and 23?
23
Suppose 58*w = 54484 + 78684. What is the greatest common divisor of 112 and w?
56
Suppose -3*q + 2*w - 23 = 0, -7*w = -3*q - 11*w - 35. Let k be ((-3)/q)/(1/135). What is the highest common divisor of 60 and k?
15
Suppose 0 = 3*m + a - 340, 4*m - 50 = -2*a + 406. Let w = 6972 + -6958. Calculate the greatest common divisor of w and m.
14
Suppose -47*g = -3*d - 43*g + 992, -5*g = 2*d - 646. Suppose 11 + 1 = c - b, 84 = 4*c + 5*b. What is the highest common factor of c and d?
8
Suppose -7*j = -6*j + j. Let c = j - -8. Calculate the greatest common factor of 8 and c.
8
Let a = 10 + 92. Let q = 47 - 58. Let r(c) = -10*c - 76. Let w be r(q). What is the highest common divisor of a and w?
34
Let c be (-210)/(-20)*-1*(8 - 34). What is the highest common divisor of 2079 and c?
21
Let w(i) = 35*i - 421. Let v be w(10). Suppose 5*j - 619 + 174 = 0. Let a = v + j. Calculate the greatest common divisor of 54 and a.
18
Let s(k) = 714*k - 1914. Let g be s(3). What is the greatest common factor of g and 931?
19
Let x(r) = r**3 + 20*r**2 + 2*r + 224. Let f be x(-16). Let z = 134 - 96. What is the greatest common divisor of f and z?
38
Let t(m) = -18*m**3 - 4*m**2 - 4*m + 8. Let q be t(3). Let z = -516 - q. What is the highest common divisor of 130 and z?
10
Suppose 0 = 341*m - 345*m + 1072. Suppose -2*q - z + 140 = 0, -5*q + m = -q + 5*z. Calculate the greatest common factor of q and 96.
24
Suppose -5*f = 2*q + 11, -3*q - f = -3 - 0. Let t be ((-104)/(-24) - 4)/(q/1122). Calculate the highest common divisor of 44 and t.
11
Suppose -21*h + 98 = -7*h. Suppose -11*c - h*c = -864. Suppose z = 5, z - 245 = -0*y - y. Calculate the highest common divisor of y and c.
48
Let m = 282 - 115. Let q = m - 113. Calculate the highest common factor of q and 36.
18
Let p = 3257 + -3097. Calculate the greatest common divisor of 5 and p.
5
Let a = 1267 + -1167. What is the greatest common factor of 3100 and a?
100
Let c = 2121 + -2116. Calculate the highest common divisor of c and 1735.
5
Suppose -4*g + 234 = -3*g. Suppose -t + 174*m + 33 = 169*m, 0 = 2*t - 5*m - 51. What is the highest common divisor of t and g?
18
Let d be ((-920)/(-16) - 10 - 1/2) + -5. What is the highest common factor of 3675 and d?
21
Let n(p) = -267*p + 1270. Let g be n(-5). Calculate the highest common factor of 